{"id":4520,"date":"2020-03-22T12:46:23","date_gmt":"2020-03-22T11:46:23","guid":{"rendered":"http:\/\/serafini-luthier.com\/wpress\/?post_type=product&#038;p=4520"},"modified":"2020-05-03T17:55:42","modified_gmt":"2020-05-03T15:55:42","slug":"violoncelle-mirecourt","status":"publish","type":"product","link":"http:\/\/serafini-luthier.com\/wpress\/index.php\/product\/violoncelle-mirecourt\/","title":{"rendered":"Violoncelle \u00ab\u00a0Mirecourt\u00a0\u00bb"},"content":{"rendered":"<p>Violoncelle entier \u00ab\u00a0moul\u00e9\u00a0\u00bb<br \/>\nR\u00e9alis\u00e9 \u00e0 Mirecourt, d\u00e9but XX\u00e8me si\u00e8cle,<\/p>\n","protected":false},"excerpt":{"rendered":"<p>Violoncelle entier \u00ab\u00a0moul\u00e9\u00a0\u00bb R\u00e9alis\u00e9 \u00e0 Mirecourt, d\u00e9but XX\u00e8me si\u00e8cle,<\/p>\n","protected":false},"featured_media":4497,"template":"","meta":[],"jetpack_sharing_enabled":true,"_links":{"self":[{"href":"http:\/\/serafini-luthier.com\/wpress\/index.php\/wp-json\/wp\/v2\/product\/4520"}],"collection":[{"href":"http:\/\/serafini-luthier.com\/wpress\/index.php\/wp-json\/wp\/v2\/product"}],"about":[{"href":"http:\/\/serafini-luthier.com\/wpress\/index.php\/wp-json\/wp\/v2\/types\/product"}],"wp:featuredmedia":[{"embeddable":true,"href":"http:\/\/serafini-luthier.com\/wpress\/index.php\/wp-json\/wp\/v2\/media\/4497"}],"wp:attachment":[{"href":"http:\/\/serafini-luthier.com\/wpress\/index.php\/wp-json\/wp\/v2\/media?parent=4520"}],"curies":[{"name":"wp","href":"https:\/\/api.w.org\/{rel}","templated":true}]}}